b(f) = -m - 3*f + 5*f - 5*f + 0*f. What is b(-2)?
4
Let t be 3 - (-2)/(-2) - -1. Let f(b) be the first derivative of -b**4/12 + b**3/6 - b**2/2 + 4*b - 5. Let g(o) be the first derivative of f(o). Calculate g(t).
-7
Let s(b) = -b**2 - b. Suppose 4*i + d - 17 = 0, 0 = -5*i + d + d + 5. Suppose i*p + 2*p - 10 = 0. Give s(p).
-6
Let s(g) = g**3 + 8*g**2 - g - 5. Let x = -18 - -21. Suppose -r - 23 = -x*i, -4*i + 29 = -r + 1. Calculate s(r).
3
Let h(y) be the first derivative of -y**3/3 + 2*y**2 + 9*y - 53. Give h(5).
4
Let v(k) = -7*k + 1. Let z(b) = -b**3 + b**2 + 6*b + 1. Let a be z(3). Give v(a).
-6
Let m(k) = -2*k + 1. Let j(w) be the first derivative of w**2/2 - 9*w + 4. Let g be j(6). Let d(c) = -c**3 - 2*c**2 + 5*c + 3. Let t be d(g). Calculate m(t).
7
Let p(x) = -x + 2. Let d(g) = -6*g - 1. Let c be d(2). Let s(w) = -w**3 - w**2 - 4*w - 3. Let u be s(-2). Let l = c + u. Determine p(l).
6
Suppose 12 - 42 = -5*u. Let l(t) = t - 13. Calculate l(u).
-7
Suppose f + 1 + 3 = 0. Let a be (-2 - -8)/3 + f. Let y = 1 + a. Let g(l) = -2*l. Give g(y).
2
Let g = 16 - 12. Let d(c) = 2 - 2 - 1 - c. Calculate d(g).
-5
Suppose 0 = -2*a + 1 - 5. Let z(o) be the first derivative of o**4/4 + o**3/3 - 3*o**2/2 - 3*o + 1. Give z(a).
-1
Let h be 5 + 1 + 4/(-2). Suppose -t = -4*t + 15. Suppose -d + t = h*d. Let n(s) = -4*s. Determine n(d).
-4
Let j(z) = -z - 2. Let n be j(-7). Let v(t) = -t**3 + 5*t**2 + 3*t - 3. Give v(n).
12
Let g(t) be the second derivative of -2*t**2 - 7*t + 1/12*t**4 - 1/6*t**3 + 0 - 1/20*t**5. Determine g(0).
-4
Let b = -13 + 14. Suppose -11 = -4*i + b. Let w(z) = z**2 - 3*z + 3. Give w(i).
3
Suppose -5*r - 4 - 21 = 0. Let l(x) = x**2 - 2*x + 9. Let n(u) = u**2 - 3*u + 10. Let a(c) = r*l(c) + 4*n(c). Calculate a(-4).
-13
Let p(y) = -y**2 + 6*y. Let v be (-2 - -1) + 3 + 3. Give p(v).
5
Let p(r) = 1 + 3 - 8 + 8 - r. Give p(-4).
8
Let y be (5/(-3))/((-3)/9). Let s(x) be the second derivative of -1/20*x**5 + x + 5/12*x**4 + 0 + 5/2*x**2 - 1/6*x**3. Determine s(y).
0
Let l(b) = b**3 + 4*b**2 + 3*b - 4. Let q be l(-3). Let r(t) = -2*t - 4. Determine r(q).
4
Let n = 10 + -4. Let h(g) = 0*g - g**3 - n*g**2 - 6 + 1 - 5*g + 0. Give h(-5).
-5
Let c(q) = 7*q**3 + 21*q**2 - 21*q - 3. Let d(s) = -3*s**3 - 10*s**2 + 10*s + 1. Let b(o) = 4*c(o) + 9*d(o). Determine b(5).
2
Let o(k) = 4 + 8*k**2 - 5 - 4*k**2. Give o(-1).
3
Let v(g) = 3*g**2 - 23*g + 2. Let l(d) = 2*d**2 - 12*d + 1. Let t(y) = -5*l(y) + 3*v(y). Give t(-9).
1
Let o(z) = -z - 5. Suppose g = 3*g + 4. Let c be g/((-6)/(-27)) + 1. Let s(q) = -q**2 - 9*q - 8. Let y be s(c). Determine o(y).
-5
Let n(b) = 3*b. Let h = -20 - -22. Suppose h*a + 6 = -a. Determine n(a).
-6
Let h(v) be the first derivative of -v**3/3 - 4*v**2 - 11*v - 25. Calculate h(-9).
-20
Let j(r) = 2*r - 1. Let g(q) = 4*q**3 + 5*q - 1 - 3*q**3 - 4 - 5*q**2 - 2*q**3. Let k be g(-6). Determine j(k).
1
Let w(a) = 3*a**2 + 7*a**2 + a - a**3 - 5 - 13*a**2. Calculate w(-4).
7
Let h(b) be the second derivative of b**3/6 + 5*b**2/2 - 33*b. Give h(-7).
-2
Let r(z) = -7*z + 1. Let v be 5/(-2)*(-3 - -5). Let w = 4 + v. What is r(w)?
8
Let o be 12/(-15)*(-20)/(-2). Let h = -10 - o. Let j(b) = -b**3 - 3*b**2 + b - 1. Give j(h).
-7
Let t(s) = -3*s**2 + 2*s - 2. Let n(w) = 16*w**2 - 13*w + 11. Let p(b) = -2*n(b) - 11*t(b). Let q = -9 - -6. Determine p(q).
-3
Let a(d) be the first derivative of d**4/12 + 2*d**3/3 + 5*d**2/2 - 7*d + 1. Let g(t) be the first derivative of a(t). Give g(-4).
5
Let p(m) = m - 13 - 10*m + 1. Let z(y) = 9*y - 20*y + 7*y - 7 + 1. Let f(a) = 2*p(a) - 5*z(a). Give f(-4).
-2
Suppose 8 = l + 4*w, w + w = -4*l + 4. Suppose -5*c + 2*n + 18 = l, 0 = -3*n + 4*n + 4. Let i(m) = 2 - 1 + m**2 - 2 + m. What is i(c)?
5
Suppose 5 = -0*n + 5*n + 5*g, -4*n = g - 7. Let t(w) = w**3 + 3*w - 8*w**2 - 2 + 3*w**2 - n*w. Let m = 12 - 7. What is t(m)?
3
Let i(h) = h**3 + 6*h**2 + 6. Let t be i(-6). Let b be ((-12)/4)/(t/(-8)). Let m(n) = n**2 + 3*n + n**2 + b*n - 4*n. Calculate m(-2).
2
Let h(z) = -z**2 - 1. Let b = -2 + 3. What is h(b)?
-2
Let y(o) = o**2 - 5*o + 2. Let t be 3 - (-1 + (-1)/1). What is y(t)?
2
Let j(t) be the third derivative of t**5/60 - t**4/8 - t**3/3 + t**2. Let k be 3/(12/(-2))*-10. What is j(k)?
8
Let n(h) = -3 + 0 + 2*h - 3*h. Suppose 0 = 5*a - 4*m - 41, a = 4*a + 4*m + 1. Suppose -6 = -3*t, 0*x - a*t + 7 = -x. Give n(x).
-6
Let o be 58/6 - (-12)/(-18). Let m = o - 7. Let q(v) = 0*v - m*v - 2*v**2 - 3*v**3 - 4 + 4*v**3 - v**2. Determine q(4).
4
Suppose 0 = 3*x - 12. Suppose 5*h - 20 = -2*p, 0*h - x*h + 3*p = -16. Let d(z) = -z**3 + 4*z**2 + 2*z - 4. What is d(h)?
4
Let b be 0 + (-6)/(-2) + 1. Let z(r) = -r**2 - 2*r**2 + 2*r + 2*r**2 + 1. Determine z(b).
-7
Let v be 9/(-6)*(-9)/27. Let p(w) be the second derivative of -1/2*w**3 - w + v*w**2 + 0. Give p(-3).
10
Suppose 2*m = 6 - 2. Let q = m + -5. Let i(s) = s**3 + 2*s**2 - s + 3. Determine i(q).
-3
Suppose 0 = 4*l + 4*r - 40 + 8, 2*r - 36 = -4*l. Let a = -5 + l. Suppose 0 = 4*n - 19 - a. Let z(i) = i**2 - 6*i - 5. Determine z(n).
-5
Suppose 12 = 5*o + 2. Let j(c) be the third derivative of -5*c**4/24 + c**3/6 - 2*c**2. Give j(o).
-9
Let c be 121/3 + (-2)/6. Suppose -4*i - 4*n + 40 = 0, -4*i - 4*n + c = -7*n. Let o = i + -6. Let m(s) = 2*s - 1. Calculate m(o).
7
Let h(w) be the first derivative of -w**3/3 + 2*w**2 + 7*w - 2. What is h(5)?
2
Let s(w) = w**3 - 4*w**2 - 2*w + 3. Suppose l = -l + 4. Suppose l*q + 8 = q. Let p be 4/(-3)*12/q. Give s(p).
-9
Let w(u) = -u**3 - 2*u**2 + 2*u - 1. Suppose 0*m - 4*m + 4 = 0. Calculate w(m).
-2
Let d be (1/(-1))/((-1)/3). Let g = 7 - 4. Let b(x) = 5 + 3*x - 5*x**2 + 4*x**2 - 4 - g*x**2 + x**3. What is b(d)?
1
Let j(k) = 7*k + 14. Let i(h) = 2*h + 5. Let w(b) = -17*i(b) + 6*j(b). Give w(1).
7
Let f = 12 + -8. Suppose 4 = -f*x, -2*h + 5*x + 11 = -5*h. Let n(p) = -3*p**2 - 4*p**3 + 6 + 2*p**3 - 5 - p. Calculate n(h).
7
Suppose -5*f + 1 = -4. Let y(n) = -n**2 - 2*n + 1. Determine y(f).
-2
Let g(v) = v - 7. Let d(u) = -u - 1. Let p be d(0). Let b = 1 + p. Give g(b).
-7
Let m(d) = -d**3 + 4*d**2 - 2*d + 1. Suppose -3 - 1 = -u. Determine m(u).
-7
Suppose -4*g + 8*g = 12. Suppose g*p + 8 = c, 2 - 4 = p - c. Let q(s) = -5*s + 26*s**2 - 27*s**2 + 2*s. Determine q(p).
0
Let r = -1 - -2. Suppose 0*d + d + r = 0. Let u(j) = -j - 1 + 0*j**2 + 0 + 3*j**2. Give u(d).
3
Suppose -3*t + 20 = q + 7, 4*q = -5*t + 17. Let a = q - -6. Suppose 3*f - 17 = w, 3*w = -0*f - a*f + 1. Let k(z) = z**2 + 3*z - 4. Give k(w).
6
Let a(k) = 3*k**3 + 8*k**2 - 2*k - 3. Let d(m) = 2*m**3 + 8*m**2 - 3*m - 4. Let u(w) = 3*a(w) - 4*d(w). Let q be u(7). Let r(g) = -g - 3. What is r(q)?
-3
Suppose 4*f - v - v = -4, -v = 2*f - 2. Suppose f*m - 2 = m. Let k(d) = -d**2 - d - 2. Give k(m).
-4
Suppose 3*a + 5*c = 2, -4*a - 40 = -7*c + 3*c. Let u = -6 - a. Let x(s) = -s**3 + s**2 - s + 9. Give x(u).
9
Let h(z) = -6*z + 15. Let i(d) = -3*d + 8. Let p(o) = -3*h(o) + 5*i(o). Suppose 5 = 4*b + 1. Let a(q) = 3*q**3 + 2*q - 1. Let m be a(b). Determine p(m).
7
Let v(m) be the third derivative of -m**6/120 - m**4/24 - 5*m**3/6 - 9*m**2. Calculate v(0).
-5
Let k = -90 - -84. Let c(r) = r**2 + 9*r + 5. Determine c(k).
-13
Let f(b) be the first derivative of -b**2/2 - b - 2. Suppose 5*a = -10, -3*h - 2*h = -3*a - 26. Suppose 11 = -2*s + 3*n, -s - 2*n = -3*n + h. Determine f(s).
0
Let c(m) = -6*m. Suppose -3*j + 3*l - 5*l + 8 = 0, j - 4*l + 16 = 0. Suppose j = 3*z + 3*u - 12, -2*u + 2 + 8 = 0. Give c(z).
6
Let d(a) = -14*a - 2. Let l(c) = -c. Let f(n) = d(n) - 12*l(n). Let t be (2 - 3 - -11)*2. Suppose 3*h - t + 3 = q, 5*h - 15 = -q. What is f(q)?
8
Let c(f) = 5*f**3 - f**2 - f + 1. Let i be c(1). Let g(d) = -2 - i + 1 + 3 + 2*d. Calculate g(6).
10
Let v(z) = z**3 - 13*z**2 - z + 6. Let l be v(13). Let r(a) = -a**2 - 7*a - 1. What is r(l)?
-1
Let m(y) = -y**2 + 3*y - 4. Suppose -5*o + 6 = -4. Let k(x) = 3*x**2 - 8*x + 12. Let f(b) = o*k(b) + 7*m(b). Determine f(5).
-4
Let s = 2 - 1. Let x(y) = 2*y - 2 - y - s. Let v be (36/30)/(6/20). Give x(v).
1
Let v be (-3)/(-5) + (-6)/10. Let l(q) = -5*q**2 + 5*q - 2. Let w(o) = -9*o**2 + 9*o - 4. Let x(y) = 7*l(y) - 4*w(y). What is x(v)?
2
Let w(g) = 2*g. Suppose 0 = -3*n - 4*z + 3, 3*z + 2*z = 0. What is w(n)?
2
Let v(i) = i + 1. Let x be v(2). Let y(j)